{"id":1291,"date":"2024-08-01T09:34:57","date_gmt":"2024-08-01T07:34:57","guid":{"rendered":"https:\/\/demontalier-sophrologie.fr\/?page_id=1291"},"modified":"2024-08-01T09:37:44","modified_gmt":"2024-08-01T07:37:44","slug":"mentions-legales-et-politique-de-confidentialite","status":"publish","type":"page","link":"https:\/\/demontalier-sophrologie.fr\/index.php\/mentions-legales-et-politique-de-confidentialite\/","title":{"rendered":"Mentions l\u00e9gales et politique de confidentialit\u00e9"},"content":{"rendered":"\t\t<div data-elementor-type=\"wp-page\" data-elementor-id=\"1291\" class=\"elementor elementor-1291\">\n\t\t\t\t\t\t<section class=\"elementor-section elementor-top-section elementor-element elementor-element-6dff75b0 elementor-section-boxed elementor-section-height-default elementor-section-height-default default-style\" data-id=\"6dff75b0\" data-element_type=\"section\" data-settings=\"{&quot;background_background&quot;:&quot;classic&quot;,&quot;rt_color_sets&quot;:&quot;default-style&quot;}\">\n\t\t\t\t\t\t<div class=\"elementor-container elementor-column-gap-default\">\n\t\t\t\t\t<div class=\"elementor-column elementor-col-66 elementor-top-column elementor-element elementor-element-19bebd8d\" data-id=\"19bebd8d\" data-element_type=\"column\">\n\t\t\t<div class=\"elementor-widget-wrap elementor-element-populated\">\n\t\t\t\t\t\t<div class=\"elementor-element elementor-element-6432372a elementor-widget elementor-widget-text-editor\" data-id=\"6432372a\" data-element_type=\"widget\" data-widget_type=\"text-editor.default\">\n\t\t\t\t<div class=\"elementor-widget-container\">\n\t\t\t\t\t\t\t<h2 style=\"margin-top: 0px;\">Mentions l\u00e9gales et politique de confidentialit\u00e9<\/h2>\n<p><b>1. Informations l\u00e9gales<\/b><\/p>\n<ul style=\"margin-top: 0cm;\" type=\"disc\">\n<li><b>Nom de l&rsquo;entreprise<\/b> : Emmanuelle de Montalier sophrologue<\/li>\n<li><b>Forme juridique<\/b> : Micro-entreprise<\/li>\n<li><b>Adresse<\/b> : <b>Cabinet au Centre Lib\u00e9al<\/b>, Z.A.C. du Haut-Touquet, 30 Rue des Moissons, 59520 Marquette-lez-Lille,]<\/li>\n<li><b>Num\u00e9ro de t\u00e9l\u00e9phone<\/b> : 06.46.36.28.93<\/li>\n<li><b>Email<\/b> : demontaliersophrologie@gmail.com<\/li>\n<li><b>Num\u00e9ro SIRET<\/b> : 94836025000013<\/li>\n<li><b>Directeur de la publication<\/b> : Emmanuelle de Montalier<\/li>\n<li><b>H\u00e9bergeur du site<\/b> : [OVH SAS :&nbsp;2 rue Kellermann \u2013 BP 80157 59053 ROUBAIX CEDEX 1&nbsp;<b><\/b><\/li>\n<\/ul>\n<p><\/p>\t\t\t\t\t\t<\/div>\n\t\t\t\t<\/div>\n\t\t\t\t\t<\/div>\n\t\t<\/div>\n\t\t\t\t<div class=\"elementor-column elementor-col-33 elementor-top-column elementor-element elementor-element-13c8d31c\" data-id=\"13c8d31c\" data-element_type=\"column\">\n\t\t\t<div class=\"elementor-widget-wrap elementor-element-populated\">\n\t\t\t\t\t\t<div class=\"elementor-element elementor-element-10a62775 elementor-widget elementor-widget-image\" data-id=\"10a62775\" data-element_type=\"widget\" data-widget_type=\"image.default\">\n\t\t\t\t<div class=\"elementor-widget-container\">\n\t\t\t\t\t\t\t\t\t\t\t\t\t<img fetchpriority=\"high\" decoding=\"async\" width=\"768\" height=\"768\" src=\"https:\/\/demontalier-sophrologie.fr\/wp-content\/uploads\/2022\/11\/emmanuelle-de-montalier-768x768.jpg\" class=\"attachment-medium_large size-medium_large wp-image-885\" alt=\"Emmanuelle de Montalier - Sophrologue\" srcset=\"https:\/\/demontalier-sophrologie.fr\/wp-content\/uploads\/2022\/11\/emmanuelle-de-montalier-768x768.jpg 768w, https:\/\/demontalier-sophrologie.fr\/wp-content\/uploads\/2022\/11\/emmanuelle-de-montalier-300x300.jpg 300w, https:\/\/demontalier-sophrologie.fr\/wp-content\/uploads\/2022\/11\/emmanuelle-de-montalier-150x150.jpg 150w, https:\/\/demontalier-sophrologie.fr\/wp-content\/uploads\/2022\/11\/emmanuelle-de-montalier-500x500.jpg 500w, https:\/\/demontalier-sophrologie.fr\/wp-content\/uploads\/2022\/11\/emmanuelle-de-montalier-915x915.jpg 915w, https:\/\/demontalier-sophrologie.fr\/wp-content\/uploads\/2022\/11\/emmanuelle-de-montalier-600x600.jpg 600w, https:\/\/demontalier-sophrologie.fr\/wp-content\/uploads\/2022\/11\/emmanuelle-de-montalier-393x393.jpg 393w, https:\/\/demontalier-sophrologie.fr\/wp-content\/uploads\/2022\/11\/emmanuelle-de-montalier-290x290.jpg 290w, https:\/\/demontalier-sophrologie.fr\/wp-content\/uploads\/2022\/11\/emmanuelle-de-montalier-100x100.jpg 100w, https:\/\/demontalier-sophrologie.fr\/wp-content\/uploads\/2022\/11\/emmanuelle-de-montalier.jpg 1000w\" sizes=\"(max-width: 768px) 100vw, 768px\" \/>\t\t\t\t\t\t\t\t\t\t\t\t\t<\/div>\n\t\t\t\t<\/div>\n\t\t\t\t\t<\/div>\n\t\t<\/div>\n\t\t\t\t\t<\/div>\n\t\t<\/section>\n\t\t\t\t<section class=\"elementor-section elementor-top-section elementor-element elementor-element-554f40eb elementor-section-boxed elementor-section-height-default elementor-section-height-default default-style\" data-id=\"554f40eb\" data-element_type=\"section\" data-settings=\"{&quot;background_background&quot;:&quot;classic&quot;,&quot;rt_color_sets&quot;:&quot;default-style&quot;}\">\n\t\t\t\t\t\t<div class=\"elementor-container elementor-column-gap-default\">\n\t\t\t\t\t<div class=\"elementor-column elementor-col-100 elementor-top-column elementor-element elementor-element-1583e50\" data-id=\"1583e50\" data-element_type=\"column\">\n\t\t\t<div class=\"elementor-widget-wrap elementor-element-populated\">\n\t\t\t\t\t\t<div class=\"elementor-element elementor-element-28c25b elementor-widget elementor-widget-text-editor\" data-id=\"28c25b\" data-element_type=\"widget\" data-widget_type=\"text-editor.default\">\n\t\t\t\t<div class=\"elementor-widget-container\">\n\t\t\t\t\t\t\t<p><span style=\"font-weight: bold;\">2<\/span><span style=\"font-weight: bold; color: var( --e-global-color-text ); font-family: var( --e-global-typography-text-font-family ), Sans-serif;\">. Propri\u00e9t\u00e9 intellectuelle<\/span><\/p><p>Le site internet et l\u2019ensemble de son contenu (textes, images, vid\u00e9os, etc.) sont prot\u00e9g\u00e9s par les lois en vigueur sur la propri\u00e9t\u00e9 intellectuelle. Toute reproduction, distribution, modification, adaptation, retransmission ou publication, m\u00eame partielle, de ces diff\u00e9rents \u00e9l\u00e9ments est strictement interdite sans l\u2019accord pr\u00e9alable \u00e9crit de Emmanuelle de Montalier.<\/p><p><span style=\"font-weight: bold;\">3. Protection des donn\u00e9es personnelles (RGPD)<\/span><\/p><p>Conform\u00e9ment au r\u00e8glement g\u00e9n\u00e9ral sur la protection des donn\u00e9es (RGPD), les informations collect\u00e9es via les formulaires de contact sur ce site sont destin\u00e9es uniquement \u00e0 un usage interne. Elles ne seront ni vendues, ni \u00e9chang\u00e9es, ni transf\u00e9r\u00e9es \u00e0 des tiers sans votre consentement pr\u00e9alable.<\/p><ul style=\"margin-top: 0cm;\" type=\"disc\"><li><span style=\"font-weight: bold;\">Responsable du traitement<\/span>\u00a0: Emmanuelle de Montalier<\/li><li><span style=\"font-weight: bold;\">Finalit\u00e9 des donn\u00e9es<\/span>\u00a0: Les donn\u00e9es collect\u00e9es sont utilis\u00e9es pour r\u00e9pondre \u00e0 vos demandes de contact et pour la gestion de la client\u00e8le.<\/li><li><span style=\"font-weight: bold;\">Droit d&rsquo;acc\u00e8s, de rectification et de suppression<\/span>\u00a0: Vous disposez d\u2019un droit d\u2019acc\u00e8s, de rectification et de suppression de vos donn\u00e9es personnelles. Pour exercer ces droits, vous pouvez nous contacter \u00e0 demontaliersophrologie@gmail.com.<\/li><\/ul><p><span style=\"font-weight: bold;\">Conditions G\u00e9n\u00e9rales de Vente (CGV)<\/span><\/p><p><span style=\"font-weight: bold;\">1. Objet<\/span><\/p><p>Les pr\u00e9sentes conditions g\u00e9n\u00e9rales de vente (CGV) s\u2019appliquent \u00e0 toutes les prestations de services propos\u00e9es par Emmanuelle de Montalier, sophrologue cayc\u00e9dienne, aupr\u00e8s des particuliers, professionnels, entreprises, \u00e9coles, structures et cr\u00e8ches.<\/p><p><span style=\"font-weight: bold;\">2. Prestations<\/span><\/p><p>Les prestations peuvent \u00eatre r\u00e9alis\u00e9es en groupe ou en individuel, \u00e0 domicile, en cabinet ou sur les lieux. Les prestations sont d\u00e9taill\u00e9es sur le site internet.<\/p><p><span style=\"font-weight: bold;\">3. Tarifs<\/span><\/p><p>Les tarifs des prestations sont indiqu\u00e9s en euros et sont soumis \u00e0 la TVA non applicable, article 293 B du CGI.<\/p><p><span style=\"font-weight: bold;\">4. Paiement<\/span><\/p><p>Le paiement des prestations peut se faire par esp\u00e8ces, ch\u00e8que, virement bancaire, etc.<\/p><p><span style=\"font-weight: bold;\">5. Annulation et report<\/span><\/p><p>Toute annulation ou report de s\u00e9ance doit \u00eatre signal\u00e9 au moins 24 heures \u00e0 l\u2019avance. En cas de non-respect de ce d\u00e9lai, la s\u00e9ance pourra \u00eatre due.<\/p><p><span style=\"font-weight: bold;\">6. Responsabilit\u00e9<\/span><\/p><p>Emmanuelle de Montalier sophrologue ne pourra \u00eatre tenue responsable de tout dommage indirect ou immat\u00e9riel r\u00e9sultant de l&rsquo;utilisation des services.<\/p><p><span style=\"font-weight: bold;\">7. Droit applicable et juridiction comp\u00e9tente<\/span><\/p><p>Les pr\u00e9sentes CGV sont soumises au droit fran\u00e7ais. En cas de litige, les tribunaux comp\u00e9tents seront ceux du ressort de la ville de La Madeleine.<\/p>\t\t\t\t\t\t<\/div>\n\t\t\t\t<\/div>\n\t\t\t\t\t<\/div>\n\t\t<\/div>\n\t\t\t\t\t<\/div>\n\t\t<\/section>\n\t\t\t\t<section class=\"elementor-section elementor-top-section elementor-element elementor-element-6613d90c rt-el-parallax-background elementor-hidden-mobile elementor-section-boxed elementor-section-height-default elementor-section-height-default default-style\" data-id=\"6613d90c\" data-element_type=\"section\" data-settings=\"{&quot;background_background&quot;:&quot;classic&quot;,&quot;rt_parallax&quot;:&quot;rt-el-parallax-background&quot;,&quot;rt_color_sets&quot;:&quot;default-style&quot;,&quot;rt_bg_parallax_effect&quot;:&quot;3&quot;,&quot;rt_bg_parallax_speed&quot;:&quot;1&quot;}\">\n\t\t\t\t\t\t<div class=\"elementor-container elementor-column-gap-default\">\n\t\t\t\t\t<div class=\"elementor-column elementor-col-50 elementor-top-column elementor-element elementor-element-17fe530\" data-id=\"17fe530\" data-element_type=\"column\">\n\t\t\t<div class=\"elementor-widget-wrap elementor-element-populated\">\n\t\t\t\t\t\t<div class=\"elementor-element elementor-element-55255f99 animated-slow elementor-invisible elementor-widget elementor-widget-text-editor\" data-id=\"55255f99\" data-element_type=\"widget\" data-settings=\"{&quot;_animation&quot;:&quot;slideInUp&quot;}\" data-widget_type=\"text-editor.default\">\n\t\t\t\t<div class=\"elementor-widget-container\">\n\t\t\t\t\t\t\t<p><em style=\"color: #316991; font-style: italic; font-size: 1.4em;\">\u201cJ\u2019accepte la grande aventure d\u2019\u00eatre moi\u201d<\/em><\/p><p>Simone de Beauvoir<\/p>\t\t\t\t\t\t<\/div>\n\t\t\t\t<\/div>\n\t\t\t\t\t<\/div>\n\t\t<\/div>\n\t\t\t\t<div class=\"elementor-column elementor-col-50 elementor-top-column elementor-element elementor-element-57c917d8\" data-id=\"57c917d8\" data-element_type=\"column\">\n\t\t\t<div class=\"elementor-widget-wrap\">\n\t\t\t\t\t\t\t<\/div>\n\t\t<\/div>\n\t\t\t\t\t<\/div>\n\t\t<\/section>\n\t\t\t\t<section class=\"elementor-section elementor-top-section elementor-element elementor-element-740c13c6 rt-el-parallax-background elementor-hidden-desktop elementor-hidden-tablet elementor-section-boxed elementor-section-height-default elementor-section-height-default default-style\" data-id=\"740c13c6\" data-element_type=\"section\" data-settings=\"{&quot;background_background&quot;:&quot;classic&quot;,&quot;rt_parallax&quot;:&quot;rt-el-parallax-background&quot;,&quot;rt_color_sets&quot;:&quot;default-style&quot;,&quot;rt_bg_parallax_effect&quot;:&quot;3&quot;,&quot;rt_bg_parallax_speed&quot;:&quot;1&quot;}\">\n\t\t\t\t\t\t<div class=\"elementor-container elementor-column-gap-default\">\n\t\t\t\t\t<div class=\"elementor-column elementor-col-100 elementor-top-column elementor-element elementor-element-df44338\" data-id=\"df44338\" data-element_type=\"column\">\n\t\t\t<div class=\"elementor-widget-wrap elementor-element-populated\">\n\t\t\t\t\t\t<div class=\"elementor-element elementor-element-44e2a75f animated-slow elementor-invisible elementor-widget elementor-widget-text-editor\" data-id=\"44e2a75f\" data-element_type=\"widget\" data-settings=\"{&quot;_animation&quot;:&quot;slideInUp&quot;}\" data-widget_type=\"text-editor.default\">\n\t\t\t\t<div class=\"elementor-widget-container\">\n\t\t\t\t\t\t\t<p><em style=\"color: #316991; font-style: italic; font-size: 1.4em;\">\u201cJ\u2019accepte la grande aventure d\u2019\u00eatre moi\u201d<\/em><\/p><p><span style=\"color: var( --e-global-color-text ); font-family: var( --e-global-typography-text-font-family ), Sans-serif; font-weight: var( --e-global-typography-text-font-weight );\">Simone de Beauvoir<\/span><\/p>\t\t\t\t\t\t<\/div>\n\t\t\t\t<\/div>\n\t\t\t\t\t<\/div>\n\t\t<\/div>\n\t\t\t\t\t<\/div>\n\t\t<\/section>\n\t\t\t\t<\/div>\n\t\t","protected":false},"excerpt":{"rendered":"<p>Mentions l\u00e9gales et politique de confidentialit\u00e9 1. Informations l\u00e9gales Nom de l&rsquo;entreprise : Emmanuelle de Montalier sophrologue Forme juridique : Micro-entreprise Adresse : Cabinet au Centre Lib\u00e9al, Z.A.C. du Haut-Touquet, 30 Rue des Moissons, 59520 Marquette-lez-Lille,] Num\u00e9ro de t\u00e9l\u00e9phone : 06.46.36.28.93 Email : demontaliersophrologie@gmail.com Num\u00e9ro SIRET : 94836025000013 Directeur de la publication : Emmanuelle de [&hellip;]<\/p>\n","protected":false},"author":1,"featured_media":0,"parent":0,"menu_order":0,"comment_status":"closed","ping_status":"closed","template":"","meta":{"footnotes":""},"class_list":["post-1291","page","type-page","status-publish","hentry"],"_links":{"self":[{"href":"https:\/\/demontalier-sophrologie.fr\/index.php\/wp-json\/wp\/v2\/pages\/1291","targetHints":{"allow":["GET"]}}],"collection":[{"href":"https:\/\/demontalier-sophrologie.fr\/index.php\/wp-json\/wp\/v2\/pages"}],"about":[{"href":"https:\/\/demontalier-sophrologie.fr\/index.php\/wp-json\/wp\/v2\/types\/page"}],"author":[{"embeddable":true,"href":"https:\/\/demontalier-sophrologie.fr\/index.php\/wp-json\/wp\/v2\/users\/1"}],"replies":[{"embeddable":true,"href":"https:\/\/demontalier-sophrologie.fr\/index.php\/wp-json\/wp\/v2\/comments?post=1291"}],"version-history":[{"count":4,"href":"https:\/\/demontalier-sophrologie.fr\/index.php\/wp-json\/wp\/v2\/pages\/1291\/revisions"}],"predecessor-version":[{"id":1295,"href":"https:\/\/demontalier-sophrologie.fr\/index.php\/wp-json\/wp\/v2\/pages\/1291\/revisions\/1295"}],"wp:attachment":[{"href":"https:\/\/demontalier-sophrologie.fr\/index.php\/wp-json\/wp\/v2\/media?parent=1291"}],"curies":[{"name":"wp","href":"https:\/\/api.w.org\/{rel}","templated":true}]}}